 r be x(-3). Calculate the greatest common divisor of 173 and r.
173
Let d = 2466 - 2036. Let k(y) = -y**3 + 8*y**2 + 7*y - 36. Let p be k(8). What is the highest common factor of p and d?
10
Let z(i) = 3*i**2 - 88*i - 51. Suppose 0 = -2*j + 25 + 37. Let a be z(j). What is the greatest common divisor of 52 and a?
52
Let i = 235 + -149. Let f = 62496 + -62324. Calculate the highest common factor of i and f.
86
Let y be (-1 + 1 + -15)/(-113 + 110). What is the highest common factor of y and 335?
5
Let g be 3/(-7) + 195/455. Suppose 2*o - 4*o + 24 = g. What is the greatest common factor of o and 372?
12
Let g = 28 - 26. Suppose -g*q = -0*q - 24. Suppose -2*d - 1200 = -q*d. Calculate the greatest common factor of 12 and d.
12
Let i(x) = 71*x + 210. Let b be i(-5). Let d = 164 + b. What is the greatest common divisor of d and 19?
19
Suppose 4*f + 1998 + 6146 = 2*c, -10180 = 5*f + 3*c. Let k be f/(-24) - 4/(-24). Let g = k + 35. Calculate the highest common divisor of 30 and g.
30
Suppose 1 = -z - 3, 6 = -2*v + 2*z. Let n be 7/v - 4/(-1). Let k(c) = 36*c + 579. Let o be k(-16). What is the highest common factor of o and n?
3
Suppose -3*w = -35*x + 31*x - 7, -5*w = -x - 40. Calculate the greatest common divisor of w and 36.
9
Let a = 4 - 3. Let d = 21668 - 21641. What is the greatest common divisor of d and a?
1
Suppose 3*l = 9*l - 750. Let f = -13 - -27. Let n(d) = -d**3 + 14*d**2 + 2*d - 3. Let q be n(f). What is the highest common factor of l and q?
25
Let s be 372/28 + 4/(-14). Let o be 194/1 + -15 + s. Suppose 7*w - 12*w + 150 = -2*j, 4*w - 2*j = 118. What is the highest common divisor of w and o?
32
Let n be ((-3)/4)/(11/(-44)). Suppose 4*v = t - 672 - 7668, -4*v - 8332 = -n*t. Let b be 2/9 + v/(-9). What is the highest common factor of 29 and b?
29
Suppose 2*u = 45 + 61. Let g = 57 - u. Let a be (-38)/8*g/(-1). What is the highest common factor of 19 and a?
19
Let o(l) = -l + 8. Let i be o(0). Suppose n + 3*n + 996 = 4*h, -h + 4*n = -228. What is the highest common divisor of h and i?
8
Let t = 5 + -4. Let l(j) = 8*j. Let p be l(t). Suppose -101*h = -403*h + 218*h + 12768. What is the highest common divisor of p and h?
8
Suppose 0 = 4*w - 114*w + 10187 + 7963. Calculate the greatest common divisor of 1705 and w.
55
Let p(y) = 4*y**3 + 25*y**2 + 14*y + 96. Let s be p(-6). What is the highest common factor of 81 and s?
3
Let b(s) = -11 + 2*s**3 - 3*s**3 + 11*s**2 + s - 2*s**2. Let k be b(9). Let n be 7 + -10 - (k - 109). What is the greatest common divisor of n and 12?
12
Let l be -4 + (-7)/(63/27) - -21. Calculate the greatest common divisor of 11452 and l.
14
Let d = 53 - 99. Let x = d - -82. What is the greatest common divisor of 9 and x?
9
Suppose -11*c + 93 = 27. Suppose -c - 10 = 4*q, 2*q = j - 18. Let x = 5 + 0. What is the greatest common factor of j and x?
5
Let d(b) = -b**3 - 6*b**2 + 6*b + 8. Let r be d(-6). Let q be (r/84)/((-2)/114). Calculate the greatest common divisor of q and 133.
19
Let c be ((-110)/(-16))/((-153)/(-241128)). What is the greatest common divisor of c and 110?
55
Let s(f) = 4*f**2 - 12*f + 6. Let o be (1/((-8)/10))/((-17)/136). Let m be s(o). What is the greatest common factor of m and 26?
26
Let j be (-9)/(-2)*16/6. Let b = -7 + j. Let m = -647 - -687. What is the greatest common divisor of m and b?
5
Let g = -629 + 721. Suppose -4*a - 2*m = -g, -42 = -2*a - 5*m + 2*m. What is the greatest common divisor of 9 and a?
3
Suppose 0 = 20*q - 21*q + 724. Let o = -712 + q. What is the greatest common divisor of o and 8?
4
Suppose 5*c = 5*s - 1870, -5*c = -3*s + 89 + 1043. Let z be (208/(-130))/(-4) + 203/5. What is the highest common factor of s and z?
41
Let q = 1801 + -1789. What is the highest common factor of q and 4092?
12
Let n(r) = r**3 - 9*r**2 - 10*r + 4. Suppose 14*f - 130 = f. Let q be n(f). Suppose -q*s - 99 = -7*s. What is the greatest common factor of 22 and s?
11
Let l(m) = -3*m + 103 + 4*m - 79. Let w be l(-21). Suppose w*j + 60 = 6*j. What is the greatest common factor of j and 20?
20
Let l(d) = 5*d + 25. Suppose -7*t + 132 = -22. Let h be l(t). What is the greatest common divisor of h and 5?
5
Let o = -4 - 14. Let n = 19 + o. Suppose -2*f - 2*y + 6 = 0, -36 = -2*f + 4*y - 0*y. What is the greatest common divisor of f and n?
1
Suppose 0 = -30*h + 63633 + 297717. Calculate the greatest common factor of 55 and h.
55
Let m be (16/32)/((18/(-616))/(-9)). Let f = -457 + 471. What is the highest common divisor of f and m?
14
Suppose -3*r - 3*a + 6 = 0, 5*r - 8 = -3*a - 0. Let o = r + 23. Suppose 5*y - 2*c = 126, -3*y + 110 = 4*c + o. What is the highest common factor of 39 and y?
13
Let g be (1/(-4)*-3)/(18/(-216)). Let s = g + 10. Let t be (-189)/(-27) + 1 + -1 + s. Calculate the highest common factor of 16 and t.
8
Suppose 0 = 33*o - 2218 - 3557. Let k = o - 118. Calculate the highest common factor of k and 1254.
57
Let x be (-8)/(-6)*3 - -10. Suppose -238*b + 241*b = -342. Let g be -3*(1 + b/9). Calculate the highest common factor of g and x.
7
Let i(r) = 11*r - 119. Let j = -417 + 428. Let c be i(j). What is the greatest common divisor of 18 and c?
2
Let y be 32945/297 + 10/135. What is the highest common divisor of 13875 and y?
111
Let p = 37 + -34. Suppose -p*l - 16 = -76. Suppose -41*n + 36*n = -l. Calculate the greatest common factor of 24 and n.
4
Let i(q) = -1506*q - 438. Let l be i(-11). What is the highest common divisor of 18 and l?
18
Suppose 1405 = 5*r + 305. Suppose 7515*o - 316 = 7477*o + 64. What is the greatest common factor of o and r?
10
Let t be ((-2380)/30 + 22)*(-186)/8. Calculate the greatest common divisor of 43 and t.
43
Let f = 12972 - 12725. Calculate the highest common factor of f and 1313.
13
Let x(z) = -z**3 + 23*z**2 - 107*z - 255. Let s be x(14). Calculate the highest common divisor of 35101 and s.
11
Let h = 238 + -235. Let q(n) = 4*n**2 - 18. Let p be q(h). What is the highest common factor of p and 63?
9
Suppose v + j - 121 = -18, v - j - 101 = 0. Let w = v + -93. Let i be 3 - ((0 - -3) + -18). Calculate the highest common factor of w and i.
9
Let r(c) = c**3 - 7*c**2 - 9*c + 36. Let o = 165 - 75. Let m = o + -82. Let h be r(m). Calculate the greatest common factor of h and 7.
7
Let k = 4631 + -4447. What is the highest common divisor of k and 1449?
23
Let q = -20609 - -20719. Calculate the greatest common divisor of q and 253.
11
Let j = 48 - -60. Suppose -2*f + 32 - 6 = 0. Let z be 3 + f - (8 - 4). What is the greatest common factor of j and z?
12
Let r = -17011 + 17187. Calculate the greatest common factor of 2376 and r.
88
Let y(k) = 2*k**3 + 15*k**2 - 88*k - 69. Let j be y(-11). What is the highest common divisor of j and 6526?
26
Let m = -1942 - -1015. Let s = m - -937. Suppose r = -2*j + 106, -4*j - 88 = -r - 0*j. What is the greatest common divisor of r and s?
10
Suppose 0 = 4*o + 5*n - 793 + 825, 2*o = 2*n + 20. Let b(t) = t. Let s be b(1). Calculate the highest common factor of o and s.
1
Suppose 1080 + 224 - 332 = 81*o. What is the greatest common divisor of 3642 and o?
6
Let i be (47 + -367)*(-156)/30. Calculate the greatest common factor of i and 1152.
128
Let v = -416 - -548. What is the highest common divisor of 352 and v?
44
Let w = -19 - -35. Let u be 240/(-16) - 2 - -33. Calculate the greatest common factor of w and u.
16
Let y(v) = v**3 + 5*v**2 + 5*v. Let n be y(-3). Let z be -5 - (0 + -27 + n). Suppose -z = -5*d + 111. Calculate the highest common factor of d and 65.
13
Suppose -226402*n - 19000 = -226421*n. What is the highest common factor of 4600 and n?
200
Suppose -3744 = -15*n - 1689. Calculate the highest common divisor of 24797 and n.
137
Let l(p) = 20*p**2 - p - 4. Let q be l(-2). Let z = q - 67. Suppose -3*n + 417 = 54. Calculate the highest common divisor of n and z.
11
Suppose 27*l - 3*h = 32*l - 382, -4*h = -l + 81. Calculate the greatest common factor of l and 791.
7
Let u = -192 + 195. Suppose 0 = u*p - 212 - 58. What is the highest common divisor of p and 15?
15
Let d(z) = 3686*z**3 + 209*z - 208. Let m be d(1). What is the greatest common divisor of m and 3?
3
Suppose 29*j = 2131 + 3350. What is the greatest common factor of 693 and j?
63
Suppose -3*k = -4*w + 81 + 168, w + 4*k - 67 = 0. Calculate the greatest common factor of w a